site?
True
Let u(d) = -d**3 - 24*d**2 - 27*d - 38. Let w be u(-21). Let x = -475 - w. Is x a composite number?
True
Let v be (-1366764)/18 - (-20)/15. Is (-16)/(-12)*v/(-40) composite?
False
Let d be 56*1/14*24*1. Let w = d - 94. Is 0 + -5 + 1718 + (-8)/w a prime number?
True
Suppose 3*d = 92 - 26. Let x be ((-42)/77)/3 - (-48)/d. Suppose -s - 3*z = -325, -5*s + x*z + 1693 = -0*z. Is s composite?
False
Let j = 102240 + 25375. Is j prime?
False
Let d(s) be the first derivative of -435*s**2 - 23*s - 4. Is d(-13) a prime number?
True
Is 138/(-115) + 3082601/5 composite?
False
Let v be (-8 - 0)/(1 + -3). Let g(k) = 35*k**3 + 7*k**2 - 8*k + 13. Is g(v) prime?
True
Let n be (25/5 - 6)*-887. Let a = -441 + n. Suppose q - 3*q = -a. Is q a prime number?
True
Let c(o) = -o**3 - 12*o**2 + 32*o + 49. Let d be c(-14). Let l(y) = 286*y**2 - 5*y + 22. Is l(d) a prime number?
True
Suppose 0 = -3*u - 0*u - 2*s + 758, s - 251 = -u. Suppose -u = -3*z + 1457. Suppose -326 - z = -3*m. Is m a prime number?
False
Suppose -s + 44 = 2*o - 13, 0 = -3*o + 4*s + 58. Is o/(-39) + (-26890)/(-6) a prime number?
True
Let y = 75 - 78. Is (1893/3)/(y/(-3)) prime?
True
Let u = 27684 + -1781. Is u composite?
False
Let s(m) = 573*m**2 + 18*m - 227. Is s(10) prime?
False
Let a(l) = -161*l**3 - 6*l - 5. Suppose 4*j + 4 = 4*i, 0*i = 4*i + 4. Let t be a(j). Let v = t + 422. Is v prime?
False
Suppose -o + 3*o - 2*d = 8, -d - 12 = -3*o. Suppose 52188 = -v + 13*v. Suppose -5*k + v = 4*u, -3*u - 2385 = -o*k + 1088. Is k composite?
True
Let m(n) = -n**2 - 2*n + 22897. Suppose 3*o - 6 = 2*w, -w - 4*o + 0*o + 8 = 0. Is m(w) a prime number?
False
Suppose 7*h - 4*h - 5*a + 15659 = 0, -5*a = 10. Let v = h + 12344. Is v prime?
True
Suppose -3262570 = -2*p - 4*y, -226*p + 1631315 = -225*p - 3*y. Is p composite?
False
Let q = 770 - 1225. Let p = -1330 + 2399. Let d = q + p. Is d composite?
True
Suppose n = o - 2666, -3*n + 4*n = 3*o - 7994. Let k = o - 535. Is k prime?
True
Let a(f) = f**3 + 10*f**2 - 16*f - 114. Suppose -2*q + 16 + 20 = -4*g, 2*g = 5*q - 34. Is a(g) composite?
True
Let j(s) = 16*s**2 + 8*s - 1. Let x be j(-1). Is x/(-49) + 44024/7 a composite number?
True
Suppose 111417 = -78*s + 330831. Is s a prime number?
False
Let v(x) = -x**3 + 30*x**2 + 167*x - 347. Is v(-35) a composite number?
False
Let a(c) = c**2 + 11*c - 23. Let l be a(-13). Suppose -i = l + 7. Let t = 32 + i. Is t prime?
False
Let o be -12 + 0 + -11 + 15. Let f be (-12)/o*(4 - 2). Suppose f*v = -2 - 7, w + v - 482 = 0. Is w composite?
True
Let m(y) = -2*y**3 + 21*y**2 + 230*y - 286. Is m(-45) composite?
True
Let f = 66393 - -54646. Is f composite?
False
Let d = 42 + -25. Suppose -3*u - d - 13 = 0. Is (-2214)/u + 14/(-35) prime?
False
Suppose 14*s - 26*s = -23904. Let p = s + -707. Is p a prime number?
False
Let w = 29385 + -20638. Is w a prime number?
True
Is 177121/9 + 96/108 a prime number?
True
Is (-66225)/(-4) - (-126)/168 composite?
True
Let o be (-4 - (-6)/2)/(1/(-5)). Suppose -3*l - 2526 = -o*l. Let q = l - 310. Is q composite?
False
Let k be 5/(15/483) - (7 - 6). Suppose 0 = -k*m + 165*m - 295. Is m prime?
True
Is ((-34034)/88 - -24)/(1/(-1964)) composite?
True
Suppose -6*q = -4*q. Suppose -35*y + 31*y + 18484 = q. Is y prime?
True
Let p be -8*(1 - 3/2). Let o = -438 - -440. Suppose -5*y + 2732 = p*z, -y + 690 = o*z - 676. Is z prime?
True
Suppose -9*q + 8 = -19. Suppose -2*s = 3*d - 19, 0 = -q*s - 0*d - 5*d + 30. Suppose -2*m = 2*g - 7*g - 541, m - s*g = 278. Is m composite?
False
Let k(g) = -3241*g + 576. Is k(-31) a composite number?
True
Let p(w) = w**3 - 2*w**2 + 4*w - 17. Let v be p(8). Suppose 8*s - v = s. Suppose 0 = 56*l - s*l + 127. Is l prime?
True
Let m = -48 - -43. Let o(b) = b**3 + 5*b**2 - 3*b - 12. Let u be o(m). Is ((-146)/(-4) + 2)/(u/6) composite?
True
Let w = 164 - 154. Is 6/w + 6/(210/4669) composite?
True
Let n(k) = -3*k + 15. Let h be n(9). Let m be (-6)/8 - 2517/h. Suppose 1104 = w + m. Is w prime?
False
Suppose -4*c - 44677 = 322235. Is (-4)/(-20) + c/(-60) prime?
False
Let i(o) be the third derivative of 3*o**5/10 - 7*o**4/12 - 5*o**3/6 + 169*o**2. Suppose -3*j + 10 = -5*x, j - 6*j = x - 54. Is i(j) a prime number?
False
Let g(m) = 2*m**3 - m**2 - 4*m + 6. Let j be g(5). Suppose -6*o - 912 = -22*o. Suppose j = 2*h - o. Is h a composite number?
True
Let j(v) = 9*v**2 - 4*v + 23. Let n(f) = f**2 - 10*f - 18. Suppose -65 = -5*b - 5*g, 2*g - 42 - 8 = -4*b. Let m be n(b). Is j(m) a prime number?
False
Let v = 1474607 - 889240. Is v composite?
False
Is ((-711597)/2 - 2/4)*(-111)/111 prime?
True
Let i = 38 - 38. Suppose v = w - 604, i = -2*w + v - 52 + 1262. Is (w/12)/((-2)/(-12)) prime?
False
Suppose 0 = 3*j - 4*z + 3*z - 29334, 0 = -5*j - 3*z + 48890. Suppose -4*u - 3156 + 12942 = -k, 4*u = 5*k + j. Is u composite?
False
Let v = -917 - -916. Is (81 - 73) + v + 5430 a composite number?
False
Suppose 1199 + 687 = 41*s. Suppose s*i - 3508 = 42*i. Is i prime?
True
Suppose a = 3*w + 23, 0 = w + 12*a - 7*a + 29. Let r(c) = 80*c**2 + 6*c - 5. Is r(w) a composite number?
False
Let u be (272/(-32))/17*(1 + -1). Is -2 - 4952*(u - (-3)/(-6)) composite?
True
Let p = -555 + 558. Is (p - 156/54) + 18170/9 a composite number?
True
Suppose -9*b = -8*b - 1193. Suppose -b = -2*d + 965. Is d prime?
False
Let y(f) = 8260*f**3 - 322*f**2 + 645*f + 1. Is y(2) prime?
True
Let a(i) = -5*i - 9 + i**3 + 17*i - 2*i + 12*i**2. Let j be a(-11). Suppose 3*c = -j*d + 451, 883 = 4*d - 2*c + 21. Is d prime?
False
Let g = -5 + 5. Let q be 2*3/(-36) + 218582/84. Suppose g = -4*c + 4*i + 2604, 4*c + 0*i - q = 5*i. Is c composite?
False
Suppose 0 = y + 5*p + 32, 18 = -4*y + p - 26. Let x be (-2)/(-3) - (-4)/y*-2011. Suppose w + 0*w = 3*t + x, 3*t + 2657 = 4*w. Is w prime?
False
Let j be 30/8 - (90/(-40) + 2). Suppose 5*w = 4*n + 2575, 1237 = -j*w + 5*n + 3297. Is w a composite number?
True
Let y(v) = 86*v**2 + 10*v - 1. Suppose 2*f - f = -0*f. Suppose f = 2*t - 8*t + 30. Is y(t) a composite number?
True
Suppose 0 = -1946*q + 1962*q - 777520. Is q a prime number?
False
Suppose 2*p = 0, -4*r - p - 2 = -18. Suppose 2*c + 4 = -i, -3*i + c + r = -c. Suppose i = 48*x - 51*x + 4491. Is x composite?
True
Is 767435/3*174/290 prime?
True
Let f(w) be the second derivative of w**6/180 + 31*w**5/120 + 7*w**4/12 + 10*w**3/3 + 24*w. Let t(y) be the second derivative of f(y). Is t(17) prime?
False
Is 3*731/(-153)*-3387 composite?
True
Suppose 68*i - 21*i - 2766934 - 534675 = 0. Is i composite?
True
Let a(o) be the third derivative of 479*o**5/30 + o**4/24 + 25*o**2 - 1. Is a(1) a prime number?
False
Suppose 47*h + 4214 = 10277. Is h a prime number?
False
Suppose 4 = -3*h + 2*l + 12, 29 = 4*h + l. Suppose 0 = -3*g + 3*x + h, -4*g - 5*x = -1 - 7. Suppose -g*f = -3*q + 579, -4*q - 3*f = -q - 564. Is q prime?
True
Suppose 73*y - 18*y = 41077795. Is y a composite number?
False
Let n be (-38323)/(-3) - (-12)/(-36). Let s(m) = m**2 - 20*m - 21. Let d be s(21). Suppose 15*c - 9*c - n = d. Is c composite?
False
Is 3/((-45)/(-538710)*2) a composite number?
False
Let p = -11 - -14. Suppose -p*c - 417 = 4209. Is (c/(-4))/(0 + 6)*4 a composite number?
False
Is (-59282184)/(-130) - (-7 - 102/(-15)) a composite number?
True
Let b be (-4*7046/(-12))/((-12)/(-18)). Suppose -2*h + 1223 = -g - b, 0 = h - 2*g - 2370. Is h a prime number?
False
Let n(u) = 34270*u**2 + 429*u + 855. Is n(-2) composite?
False
Suppose 11*x = 20*x + 51165. Let w = x - -8656. Is w composite?
False
Suppose 506*w - 61*w - 10226593 = 27614872. Is w composite?
False
Let m(a) = a**2 + 4*a - 21. Let f be m(-7). Suppose f = -153*r + 154*r. Suppose -d - 2 = 0, -u - 2*u - d + 55 = r. Is u a composite number?
False
Suppose -5112292 = 33*b - 109*b. Is b a composite number?
True
Suppose 0 = 2*l + 4, 0 = 2*y - 66*l + 63*l - 124412. Is y a prime number?
False
Suppose -123258 - 54971 + 31477 = -64*s. Is s prime?
True
Let g = -12884 - -96039. Is g composite?
True
Suppose -4*t + 3*t + 3*i = 7, 2*i - 3 = t. Suppose -5*m + l + 73 = 0, t*m + 2*l = m + 50. Suppose 17*b - 753 = m*b. Is b a prime number?
True
Suppose 57*c - 422608 = 32*c + 14130367. Is c composite?
False
Let h(k) = -k**2 - 4*k + 69. Let b be h(7). Is (13042/b)/((-6)/24 + 0) prime?
True
Is -30 + 17 + (-818448)/(-8) composite?
False
Sup